t are the prime factors of 27150/90 - 2/(-6)?
2, 151
What are the prime factors of 2388/(-18)*(1 - 10/4)?
199
Let t = 132 - 34. Suppose 0*a + a + t = h, -2*a = -4*h + 384. Suppose 2*u = -i - 3*i + 168, 2*i - h = 4*u. What are the prime factors of i?
43
Let f(y) = -7*y - 2. Let p be f(1). Let n = p - -9. Suppose -24 = -3*d - n*d. List the prime factors of d.
2
Suppose -5*z = -5*d + 10, -z + 3*z = 4*d + 4. Let n = z - -10. Let y = n - 2. What are the prime factors of y?
2
Suppose -12*d + 30 = -6. What are the prime factors of 276/(d/1) + 2/(-2)?
7, 13
Let j = -82 - -53. List the prime factors of -4 - 2*j - 1.
53
Let q = 2003 + -123. What are the prime factors of q?
2, 5, 47
Let h be (-4)/22 - 31/11. Let p = h + 5. Suppose -2*j - 5*s = p*j - 93, -62 = -3*j + 4*s. List the prime factors of j.
2, 11
Let k(b) = 4*b**3 - 2*b**2 + 3*b**2 - 4*b**2 - 2*b + 55 - 59. List the prime factors of k(3).
71
Suppose -4*a + 77 = -31. Let f be a + 3*2/(-3). Suppose 2*q - 33 - f = 3*w, -3*w - 128 = -4*q. List the prime factors of q.
5, 7
Let t = -3871 + 7408. List the prime factors of t.
3, 131
Let v(r) be the third derivative of r**5/60 - 2*r**4/3 + 17*r**3/6 - 3*r**2. Suppose 3*p + 6*q = q + 40, 5*p - 80 = 5*q. List the prime factors of v(p).
2
Let m(k) = -12*k + 148. List the prime factors of m(-18).
2, 7, 13
Let y(c) = -c + 8. Let p be y(4). Suppose -46 = -3*q + g + 69, -q = -p*g - 42. What are the prime factors of q?
2, 19
Suppose 7*f - 3*f = f. Suppose 0 = 2*t + 5*j - 3*j, 5*t - 40 = 3*j. Suppose -t*q = 2*u, -3*u - q + 3 + 10 = f. What are the prime factors of u?
5
List the prime factors of 3 + (-1 - -547 - 2) + -5.
2, 271
Suppose -p + 6 = 3*t - 11, 0 = -3*t - 3*p + 21. Suppose -9 = -t*j + 191. Let b = j + -15. What are the prime factors of b?
5
Let j(y) be the third derivative of -y**4/8 - y**3/6 - y**2. Let o be (-4 + 0 + 3)/(-1) - 5. What are the prime factors of j(o)?
11
Suppose 5*s + 59 = 2*q, -15 = -0*q + 5*q. Let c = s + 28. List the prime factors of c.
3, 5
Let f be (-8)/36 + 436/18. Let m = 35 - f. List the prime factors of m.
11
Suppose 0 = -2*b - 4*v - 46, 2*b + 2*v = 4*b + 16. Let i = b - -7. Let p = 26 - i. List the prime factors of p.
2
Let n = 15 - 6. Let q = 15 + n. Suppose 5*w + 2*v - 85 = 0, -w - 2*v + 1 + q = 0. List the prime factors of w.
3, 5
Suppose -1556 = -6*r + 688. What are the prime factors of r?
2, 11, 17
Let z(d) = d**3 + 9*d**2 - 22*d + 3. Let x be z(-11). Suppose x*h - 390 = -30. What are the prime factors of h?
2, 3, 5
Let l = -439 + 845. List the prime factors of l.
2, 7, 29
Let y = 1774 - 1032. Suppose y = 4*z - l, 366 = 4*z - 2*z - 3*l. List the prime factors of z.
2, 3, 31
Suppose 0 = -15*d - 172 - 608. Suppose 2*u + 13 = -k, 5*k - u + 4*u = -86. Let l = k - d. List the prime factors of l.
3, 11
Let c(q) = 718*q - 138. What are the prime factors of c(9)?
2, 3, 17, 31
Suppose 2*g + 0*g - 949 = -3*s, -951 = -3*s - 3*g. Let k = 479 - s. List the prime factors of k.
2, 41
Let v = 27 + -25. Suppose 3*f - 5*n - 1 = -0, v*n = -3*f + 29. List the prime factors of f.
7
Let u = -6 - -4. What are the prime factors of 4 + 1 + u/(-1)?
7
Let b(l) = -24*l - 2. What are the prime factors of b(-7)?
2, 83
List the prime factors of 938 - (-13 + (0 - -7)).
2, 59
Let o = 71 - 68. Suppose o*z = -6*z + 1278. List the prime factors of z.
2, 71
Suppose 0*y - 5*u = 3*y - 15, -u = 0. What are the prime factors of y?
5
Let g(o) = 0*o - 26 - 3*o + 19. List the prime factors of g(-8).
17
Let i be (-24)/(-54)*3 + (-17)/(-3). List the prime factors of 6/8 - (6699/(-4))/i.
2, 3, 5
Suppose -5*j - 2*a - 66 = 0, 4*a + 20 = -3*j - 14. Let h = j + 5. Let z(k) = k**2 + 5*k + 21. What are the prime factors of z(h)?
3, 19
Suppose -366528 = -116*m - 22*m. List the prime factors of m.
2, 83
Let q(w) = -9 + 14 - 8*w + w**2 - 6. Let f = 21 + -12. List the prime factors of q(f).
2
Let s(a) be the first derivative of a**4/4 - 4*a**3 + 8*a**2 + 3*a - 3. List the prime factors of s(11).
2, 29
Let t(l) = l**2 - 5*l + 1. Let v be t(2). What are the prime factors of 3318/30 - 2/v - 2?
109
Let y(a) = 0*a**3 - 10*a**2 - 1 + a**3 + 5*a**2. List the prime factors of y(6).
5, 7
Let f = 898 + -570. What are the prime factors of f?
2, 41
What are the prime factors of 3*(52/14 - 4)*-847?
2, 3, 11
Let d be ((-46)/5)/(1/5). Let l = -18 - d. Suppose -7*g = -3*g - l. List the prime factors of g.
7
Let o(b) = -9*b**2 + 1. Let s(n) = -28*n**2 + 2. Let y(v) = 14*o(v) - 5*s(v). Suppose 2*w + 8 - 4 = 0. What are the prime factors of y(w)?
2, 3, 5
Let g(f) = -f. Let a(o) = 11*o + 31. Let t(x) = -a(x) - 6*g(x). List the prime factors of t(-15).
2, 11
Let v(q) = -1880*q + 57. What are the prime factors of v(-1)?
13, 149
Suppose 149*i = 150*i. Suppose 7*r - r - 66 = i. What are the prime factors of r?
11
Suppose -35*o = -29*o - 864. Let u = o + -4. What are the prime factors of u?
2, 5, 7
Suppose -d - 2270 = 4*d. Let o = -299 - d. List the prime factors of o.
5, 31
Let j(q) = 2*q**2 + 37*q + 207. List the prime factors of j(-38).
3, 563
Suppose 0 = z + 2 - 6. Let m be 162/30 + z/(-10). Suppose 31 = 2*b + m*j - 15, 4*j = 4*b - 92. What are the prime factors of b?
23
Let k(o) = -44*o - 2. Suppose s + 9 = -2*s. What are the prime factors of k(s)?
2, 5, 13
Suppose 0 = -25*y + 24*y + 1169. What are the prime factors of y?
7, 167
Let s(g) = g**3 - 24*g**2 + 3*g + 14. What are the prime factors of s(24)?
2, 43
Let l(d) = -2*d**3 + 57*d**2 - 5*d - 17. What are the prime factors of l(27)?
5, 11, 37
Suppose 2*g - 3*o + 377 = 0, -5*o = -0 - 5. Let j = g + 264. What are the prime factors of j?
7, 11
Let a be -2 + 2*6/(-4). List the prime factors of -3 - 150/a - -3.
2, 3, 5
Suppose 32 = h + 3*h. Suppose 2*q - h = -4. Suppose 45 = 4*r - 3*n, -5*n = q*r - 5 + 2. List the prime factors of r.
3
Let r = 2218 - 592. What are the prime factors of r?
2, 3, 271
Let w(g) = 2*g**2 + 20*g + 11. Let y be w(-10). Suppose 8*d + 50 = 3*d. Let z = y - d. List the prime factors of z.
3, 7
Let m = -126 + 69. Let o = m + 74. What are the prime factors of o?
17
Let x(j) = j + 25. What are the prime factors of x(0)?
5
What are the prime factors of 296/185*1*2335?
2, 467
Let a = 213 - 94. Suppose -4*z + 3*x = -a, 5*x - 7 = 8. Suppose 2*n = z - 0. List the prime factors of n.
2
What are the prime factors of (105/14 + -7)/(2/2448)?
2, 3, 17
Let a(f) = -f**3 - 7*f**2 - 4*f - 3. Let y be a(-4). Let z = y + 64. List the prime factors of z.
29
Suppose 0 = -18*k + 18760 + 31208. What are the prime factors of k?
2, 347
Let p = -1800 + 3359. List the prime factors of p.
1559
Let y(u) = 272*u**3 + u**2 + 2*u - 3. What are the prime factors of y(1)?
2, 17
Let a = 457 + 839. List the prime factors of a.
2, 3
Let m = 1939 - 223. List the prime factors of m.
2, 3, 11, 13
Let s = 535 - -68. What are the prime factors of s?
3, 67
Let l be (27/12)/(3/(-8)). Let o = -3 - l. Suppose -5*k + 3*k = -3*z - 23, -3*z + o = 0. What are the prime factors of k?
13
List the prime factors of (2518/(-6))/((-55)/165).
1259
Suppose -3141 = -3*s - 3*k, 0 = -5*s + 2*k - 2134 + 7348. List the prime factors of s.
2, 3, 29
Let t(i) = i**2 + 26. Let s be t(0). Suppose 0 = -2*a - 22 - s. Let c = 53 + a. What are the prime factors of c?
29
What are the prime factors of (-4)/3 - 48965/(-42)*4?
2, 3, 7, 37
Let s(u) = -9*u**3 + u**2 + 21*u + 37. What are the prime factors of s(-3)?
2, 113
Let z(n) be the third derivative of -n**6/120 - 3*n**5/20 - 3*n**4/8 + 5*n**3/2 - 8*n**2. What are the prime factors of z(-8)?
23
Let l = 9 - 4. Suppose -2*t + 5*d = -0*t + 28, 36 = -4*t + l*d. List the prime factors of ((-2)/t)/((-1)/(-6)).
3
Let k(n) = -n - 13. Let v be k(-8). Let j = v - -5. Suppose j = -3*b + 11 + 16. List the prime factors of b.
3
Let z(l) = -l**3 - 2*l**2 + 6*l + 2. Let n be z(-4). Suppose q = -1 - n. List the prime factors of -1 - -2 - (q - 1).
13
Let g = -14 + 5. Let c be ((-8)/(-12))/((-2)/g). Suppose p = -2*m + 18, -c*m + 2*p = -29 - 5. What are the prime factors of m?
2, 5
Suppose k + 4 = 0, -5*r - k + 16 = -0*k. Suppose i - y - r = y, 0 = -i + y + 3. Suppose i*j - 160 = -2*j. What are the prime factors of j?
2, 5
Let s(q) = 4287*q**3 + 3*q - 4. List the prime factors of s(1).
2, 2143
Let u = 8 - 5. Suppose 0 = 5*g - u - 32. Suppose -2*t + 2 = 2*l, -13 = -